 - 0 - 1)?
3
4 - (0 + -6 + 19 + -3)
-6
What is the value of 2 + 6 - 4 - -1 - 5?
0
Evaluate 6 - (1 - (0 + -2)).
3
What is -1 - -1 - (-8 + 13 + -5)?
0
Calculate (0 - -3) + -4 + 0 + 1.
0
What is the value of -6 + (10 - 8 - -4) + -5?
-5
Evaluate 3 + (-2 + 2 - (9 - 5)).
-1
What is 4 + (-1 - (6 - (1 + -3)))?
-5
Calculate (-1 - -8) + (-13 - -2).
-4
What is the value of 2 + -1 - -4 - (10 + -6)?
1
3 - (1 - 5 - -4)
3
What is -6 + (-1 - -9) - (-1 + -6)?
9
Calculate (-13 - -10 - 6) + (0 - -5).
-4
3 + (-3 - 0) - 2
-2
Calculate (1 - -4) + (5 - 15) - -8.
3
What is -7 + 2 + (1 - -3) + -2?
-3
Calculate (0 - 0) + 6 + 159 + -169.
-4
0 + 4 + -8 - -5
1
Calculate 12 - (-10 - (-20 - 1)).
1
Evaluate -8 + 7 + -3 - 2 - -4.
-2
What is -7 + 2 - (-1 + -10)?
6
Evaluate -2 - (-4 + 1 + -2).
3
Evaluate -4 - (-12 + 22) - -4.
-10
Evaluate -4 - (3 - 6) - (-1 + -2).
2
Calculate -1 + -2 + 3 + -1 + 2.
1
Evaluate 3 + 1 + 40 + -45.
-1
What is -3 + (3 - (1 + (-9 - -4)))?
4
What is 0 + -6 + (8 + 7 - -1)?
10
-6 + (2 - 10 - -20) + 3
9
(7 - 9) + 2 + -3
-3
What is 5 + 1 + -2 + -1?
3
8 - ((1 - 3) + 6)
4
Evaluate 0 + (3 - 11) + (-23 - -34).
3
Evaluate 7 + (-8 - -7) + 3 + -16.
-7
What is the value of -5 - (8 - (1 - -6))?
-6
What is -1 - (0 - -1 - 0)?
-2
What is the value of -2 + -9 + (2 - -6)?
-3
What is the value of -10 - -7 - (2 + -4)?
-1
Calculate 6 + 0 - (-10 - -17 - -4).
-5
What is (-5 - -1) + (3 - (-4 + -2))?
5
What is the value of -2 + 2 - (-4 - 3 - -6)?
1
What is -6 + 0 - (-5 - -3)?
-4
Evaluate (-1 - -2) + 1 + 13 + -6.
9
1 + 1 + -30 + 31
3
Calculate -4 + 2 + -4 - -1.
-5
Evaluate -2 - (-10 - -3) - 1.
4
Calculate (-2 - (7 + -14)) + -1 + -4.
0
What is -10 - (-12 + (-5 - -14))?
-7
Calculate 11 + (-1 - 7) + 7 + -3.
7
(-4 - (0 - 7)) + (-5 - -5)
3
Evaluate -13 - (-16 - (-16 + 6)).
-7
Evaluate (-1 - -6) + -2 + (0 - 2).
1
What is 3 - 5 - -6 - 6?
-2
What is the value of (-1 - -3) + -5 + (10 - 2)?
5
What is 3 + 0 + 2 + -8 - -2?
-1
-3 + (3 - 0) - 3
-3
What is the value of 2 + -6 - -2 - (6 + -3)?
-5
Calculate (-1 - 3) + 0 - 0.
-4
What is -1 + 1 + -3 + (-77 - -76)?
-4
14 - (-3 + 14 - -6)
-3
What is the value of (-2 - 3 - -2 - 0) + -1?
-4
What is the value of 9 - 9 - (1 + -1)?
0
Calculate -12 - -5 - (-3 + 1).
-5
1 - -5 - (32 - 34)
8
1 - (3 + -6 + 5)
-1
What is the value of -1 + 2 + -3 - (-14 - -14)?
-2
(-35 - -21) + (3 - -13)
2
4 + -9 - 2 - -1 - -1
-5
Calculate 1 + 3 + (3 - 4).
3
(-15 + 9 - (-1 - -1)) + 2
-4
-5 + 3 + -2 + 3
-1
Evaluate (7 - (1 - 4)) + 1 + 0.
11
-6 + 0 + 5 - -2 - -1
2
Evaluate 0 + 2 + (-4 - (-6 + 4)).
0
What is the value of 0 - 2 - (1 - 4 - -1)?
0
Evaluate 4 + -6 - (-5 - -2).
1
1 + 2 - (-74 + 61) - 6
10
What is -23 + 13 + 3 + 2?
-5
12 - (6 - (8 - 8))
6
4 - (-4 + 5 + 3)
0
What is (4 - (3 + 4)) + -1?
-4
Calculate -2 + -1 + 12 + -4.
5
0 + 3 - ((0 - -1) + -3)
5
-3 - (-3 + -1 + 1)
0
Calculate (-4 - 1) + 13 + (4 - 15).
-3
Calculate 6 + -3 + (15 - 23).
-5
What is the value of -1 + ((3 - 2) + -7 - -2)?
-5
Evaluate 1 + -2 + 6 - (4 - 4).
5
What is 6 + 0 + 0 + -2?
4
What is 10 + (5 - 18) + -3?
-6
What is 4 + -1 + -4 + 4 + -2?
1
-3 + 10 + (1 + -2 - 5)
1
What is the value of (9 - 2) + -12 - -7 - 7?
-5
What is 1 - (-4 + (4 - -2)) - 4?
-5
Evaluate 2 + -5 + 4 - -2.
3
What is the value of 3 - (-1 + -4) - 2 - 2?
4
-8 - (4 - 7) - 5 - -2
-8
What is (-8 - (4 + -6)) + 5?
-1
What is the value of (0 - 1) + -10 + 8 + 4?
1
What is -6 + 12 + (2 + -1 - 4)?
3
What is -4 + -1 + (12 - 10)?
-3
-18 + 26 - (2 - -6)
0
Evaluate 13 + -18 - (-1 - 0 - -2).
-6
Calculate (-17 - -14) + 0 + 1.
-2
Calculate 6 + 4 + 0 + -6.
4
What is -74 - -73 - (-1 + -5 + 1)?
4
Calculate -1 - (4 - 8 - 2).
5
What is -1 - -2 - (3 + 0) - 2?
-4
What is 5 - 10 - (-13 - -4)?
4
-3 + (11 - 3) + 29 + -26
8
2 + -4 + 0 + 1
-1
Evaluate 2 - (5 + -2) - -4.
3
Calculate (4 - 7 - -9 - 0) + -4.
2
Evaluate 0 + -2 + 1 - (-8 - -3).
4
Calculate (1 - 0) + 1 - (-3 + 6).
-1
What is (-2 + 2 - -2) + 1?
3
Evaluate -4 + 9 + (-1 - 3).
1
What is the value of -4 + 0 + (0 - -1) - -7?
4
What is the value of -1 + -2 + (4 - 5) + 2?
-2
What is 16 + -13 + (1 - 0) - -3?
7
Calculate -1 + -4 + (-5 - -15).
5
Evaluate -7 + 3 + (-8 - (6 - 12)).
-6
What is 2 + (5 - (7 + -1))?
1
19 - (13 + -9) - 10
5
What is the value of -2 + (-11 - -14 - (0 + -3))?
4
-3 - (-4 + (3 - (-5 - -4)))
-3
Calculate 3 + 13 + -5 - (7 - -1).
3
6 + -3 + -8 - (2 + 1)
-8
Evaluate (-1 - 1 - 0) + (1 - 4).
-5
What is the value of -3 + 0 + (5 - 8)?
-6
(-4 - ((1 - 1) + 1)) + 4
-1
Evaluate -7 + 1 + -5 + 6.
-5
-3 + 1 + (1 - (-2 - -1))
0
What is -13 + 13 + -1 + -3?
-4
What is (-5 - -17) + 24 + -31?
5
(-10 - (-6 - -2)) + 9
3
What is the value of -5 + 1 + (4 - 1)?
-1
Evaluate -19 + 16 + (1 - -3 - 0).
1
Calculate 1 - -6 - 2 - 5.
0
Calculate 1 + 0 + 2 + -2.
1
What is (-5 - (-13 + 5)) + (0 - 3)?
0
What is 5 - -4 - (4 + 1)?
4
4 - (0 - -6) - -4
2
Calculate -77 - -73 - (-5 - 0).
1
What is 1 - ((6 - 7) + (3 - 2))?
1
Calculate 9 - (3 + 2 + (-3 - -1)).
6
2 - (-5 + 4 - 0)
3
What is -1 - (11 - 6 - 5)?
-1
What is 4 + 0 - ((-20 - -12) + 16)?
-4
(5 - 14) + 4 + 4
-1
What is (-3 - -7 - (-3 - -9)) + -4?
-6
What is the value of 3 - (-2 + (1 - (-2 - 0)))?
2
What is (2 - 10) + 6 + -1?
-3
Calculate 3 + (1 + -4 - 3) - -2.
-1
What is the value of -4 + 8 + 2 + -2?
4
-6 - (-5 - (-1 - 3))
-5
What is the value of -9 + (-1 - (-6 - -2)) - -4?
-2
What is 1 - ((3 - 0) + 1 + -3)?
0
What is -4 - (-6 - 0) - 6?
-4
Calculate -1 - 6 - (-2 - (-8 - -5)).
-8
What is the value of -87 - -90 - (1 + -1 + 5)?
-2
Evaluate -243 + 244 + (-4 - (1 + 1)).
-5
Calculate 3 - (-4 + -3 + 8).
2
Evaluate 248 + -239 + -1 + -11.
-3
What is (-2 - -2 - -1) + (-3 - 0)?
-2
What is the value of 4 + -7 - (0 + 2)?
-5
Calculate (19 + -1 - 6) + -5.
7
What is 0 - ((-3 - 1) + 3 - -4)?
-3
Calculate (3 - (-4 + 2)) + -2 + 0.
3
What is -7 + 7 + 2 + -5?
-3
Evaluate -3 + -3 + 1 + 6.
1
What is the value of (-7 - -12 - (2 + 3)) + 3?
3
Calculate 5 + (-4 - -1 - 0).
2
What is the value of -10 - -5 - (5 + (2 - 5))?
-7
Calculate (17 + -14 - -4) + (0 - 2).
5
Evaluate -7 + (0 - (-5 + 0)).
-2
Calculate 0 - 9 - (-8 + -10 - -3).
6
Calculate -3 + 5 + 2 + 2 + -2.
4
Calculate -3 + 4 - (-3 + 3 - -3).
-2
What is 2 + -2 - (0 - -2)?
-2
Evaluate 1 - (3 + -6 - -3).
1
3 - (8 + (-4 - 0))
-1
6 - 4 - 6 - 1
-5
-14 + (-4 - -6 - -7)
-5
Calculate -1 - (-5 - (-5 - 1)).
-2
What is the value of (7 - 5 - 3) + -5 + 2?
-4
0 + (3 - 2) + -13 + 9
-3
Evaluate -2 + (4 - (-1 + -2)).
5
What is the value of 5 - (5 + 0 - 3)?
3
Evaluate -85 + 79 - (-3 + -3 + 1).
-1
(1 - -4) + (12 - 22)
-5
Calculate 2 - (-2 + (0 - -4)).
0
Calculate -4 + 0 + (2 - 4) - -2.
-4
What is the value of -2 + (1 - (5 + -2) - -1)?
-3
4 + (7 - 7 - -3)
7
Evaluate -5 - (-14 - (1 + -5)).
5
What is (2 - (-1 - -2)) + (6 - 2)?
5
Calculate 27 + -4 - 11 - 11.
1
What is 10 + (-7 - (12 + -18))?
9
Evaluate -5 - ((-3 + 6 - -3) + -15).
4
What is the value of 1 - (-9 + 9 + 9) - -10?
2
Evaluate (-3 - (5 - 3)) + (0 - -8).
3
-2 - ((4 - 14) + 15 + -10)
3
-1 - (-6 + 4) - (-1 + 6)
-4
What is 2 - ((8 - 3) + -2 - 6)?
5
Calculate -6 + -10 + (2 - 0) + 5.
-9
Calculate 7 + -5 + -2 + 2.
2
Evaluate (-14 - (-2 - 2)) + 5.
-5
Evaluate (4 - 7) + (-2 - -5) - -4.
4
-7 + (19 - 7 - 11)
-6
(6 - (6 + -2 - 0)) + 1
3
Calculate 2 - (0 - 0) - (19 + -14).
-3
Calculate -1 - (4 + 2 - 2).
-5
Evaluate 67 + -73 + 11 + 2 + 0.
7
What is (4 - (1 - (0 + -2))) + -2?
-1
What is the value of -2 - (4 - 6) - 2?
-2
What is the value of -1 + 8 + -5 - 2?
0
What is -2 + 7 + 0 - (5 + 0)?
0
What is (18 + -13 - (0 - -3)) + -8?
-6
Evaluate -2 - (-9 - -4) - (-3 - 2).
8
Evaluate -1 - (2 + -2 + 1) - -2.
0
What is the value of 7 + 0 + 2 + -2?
7
0 + (3 - (3 - 1 - 0))
1
Calculate 12 + (10 - 18) + 6.
10
Evaluate 7 + -4 - 9 - 0.
-6
What is -3 + (4 - -2) + (-1 - 3)?
-1
Evaluate -3 - 8 - (7 + -12).
-6
2 + 6 + (-1 - (0 + 2))
5
What is (-5 + 2 - -3) + 3?
3
0 - 1 - (2 + -4) - 4
-3
(-30 - -15) + (1 - -9 - 3)
-8
What is -21 + 25 + -4 - (0 - -9)?
-9
What is the value of 4 + -1 + -1 - (5 - 1)?
-2
Calculate -1 + 3 - -4 - 1.
5
What is 2 + -3 + 2 + (8 - 4)?
5
What is the value of 4 - (7 + -6 + 2)?
1
What is -9 - (10 - 2 - 9)?
-8
What is the value of 1 + 1 + (14 + -17 - -5)?
4
Calculate (-7 + 2 - -3) + -1 + 5.
2
Calculate (-6 - -12) + -12 + 4.
-2
Evaluate -1 + -16 + 15 + 8 + 0.
6
Evaluate -8 - (6 + -6 + (1 - 2)).
-7
What is the value of (8 - 21) + 25 - 3?
